ds digit of 703151?
0
What is the hundreds digit of 1175318?
3
What is the tens digit of 802972?
7
What is the hundred thousands digit of 2233639?
2
What is the hundred thousands digit of 4831985?
8
What is the thousands digit of 95828?
5
What is the units digit of 367742?
2
What is the ten thousands digit of 338528?
3
What is the ten thousands digit of 6909379?
0
What is the millions digit of 5255105?
5
What is the units digit of 27413?
3
What is the units digit of 4538282?
2
What is the hundreds digit of 12197101?
1
What is the millions digit of 6387149?
6
What is the thousands digit of 2647572?
7
What is the hundreds digit of 538908?
9
What is the thousands digit of 1041465?
1
What is the hundred thousands digit of 1499985?
4
What is the tens digit of 87250?
5
What is the tens digit of 53542?
4
What is the thousands digit of 2871070?
1
What is the ten thousands digit of 29086707?
8
What is the hundreds digit of 5932?
9
What is the thousands digit of 2075217?
5
What is the tens digit of 886177?
7
What is the millions digit of 7994976?
7
What is the hundred thousands digit of 4624015?
6
What is the ten thousands digit of 2175961?
7
What is the ten thousands digit of 166362?
6
What is the thousands digit of 47071?
7
What is the tens digit of 1698299?
9
What is the millions digit of 3969841?
3
What is the units digit of 3262534?
4
What is the hundreds digit of 193376?
3
What is the units digit of 270750?
0
What is the hundred thousands digit of 6270486?
2
What is the units digit of 112989?
9
What is the thousands digit of 3490624?
0
What is the tens digit of 9346390?
9
What is the hundreds digit of 6980432?
4
What is the units digit of 378092?
2
What is the hundreds digit of 335806?
8
What is the tens digit of 4808912?
1
What is the thousands digit of 9179034?
9
What is the tens digit of 429710?
1
What is the units digit of 107634?
4
What is the hundreds digit of 3984244?
2
What is the hundreds digit of 9469186?
1
What is the ten thousands digit of 1590986?
9
What is the ten thousands digit of 295304?
9
What is the hundreds digit of 585610?
6
What is the hundreds digit of 4600332?
3
What is the thousands digit of 350688?
0
What is the ten thousands digit of 1781503?
8
What is the thousands digit of 153155?
3
What is the hundred thousands digit of 124177?
1
What is the ten thousands digit of 205133?
0
What is the hundreds digit of 988553?
5
What is the units digit of 22606?
6
What is the units digit of 92471?
1
What is the tens digit of 296753?
5
What is the tens digit of 706405?
0
What is the hundred thousands digit of 600127?
6
What is the ten millions digit of 14735491?
1
What is the hundred thousands digit of 307560?
3
What is the units digit of 28765786?
6
What is the units digit of 1321889?
9
What is the ten thousands digit of 7280782?
8
What is the units digit of 521230?
0
What is the hundred thousands digit of 310864?
3
What is the hundred thousands digit of 597722?
5
What is the ten thousands digit of 565800?
6
What is the tens digit of 551340?
4
What is the tens digit of 5441353?
5
What is the hundreds digit of 20816?
8
What is the units digit of 1120510?
0
What is the millions digit of 14759231?
4
What is the ten thousands digit of 271659?
7
What is the units digit of 23362960?
0
What is the thousands digit of 1161067?
1
What is the hundred thousands digit of 1702262?
7
What is the ten thousands digit of 438970?
3
What is the millions digit of 10493755?
0
What is the thousands digit of 1510?
1
What is the tens digit of 36578?
7
What is the millions digit of 17087432?
7
What is the millions digit of 1840183?
1
What is the units digit of 16136418?
8
What is the thousands digit of 783737?
3
What is the hundreds digit of 80603?
6
What is the ten millions digit of 13691377?
1
What is the ten thousands digit of 1322950?
2
What is the ten thousands digit of 9783761?
8
What is the millions digit of 6463729?
6
What is the units digit of 1711139?
9
What is the thousands digit of 137806?
7
What is the units digit of 571194?
4
What is the ten thousands digit of 3517522?
1
What is the tens digit of 249909?
0
What is the hundreds digit of 5475239?
2
What is the millions digit of 4450285?
4
What is the thousands digit of 3750476?
0
What is the hundred thousands digit of 9100243?
1
What is the tens digit of 878534?
3
What is the hundreds digit of 1561133?
1
What is the hundred thousands digit of 1185828?
1
What is the hundreds digit of 329262?
2
What is the tens digit of 650807?
0
What is the thousands digit of 53311?
3
What is the thousands digit of 1019565?
9
What is the ten thousands digit of 246708?
4
What is the thousands digit of 331351?
1
What is the units digit of 528107?
7
What is the units digit of 282241?
1
What is the hundred thousands digit of 483217?
4
What is the hundreds digit of 333437?
4
What is the hundred thousands digit of 714677?
7
What is the ten thousands digit of 170857?
7
What is the millions digit of 7020946?
7
What is the hundred thousands digit of 2042573?
0
What is the hundreds digit of 1315507?
5
What is the units digit of 330607?
7
What is the units digit of 7095372?
2
What is the hundreds digit of 16784115?
1
What is the hundreds digit of 10747423?
4
What is the ten thousands digit of 30046425?
4
What is the thousands digit of 11833366?
3
What is the tens digit of 18243016?
1
What is the hundreds digit of 1624632?
6
What is the millions digit of 2556660?
2
What is the hundreds digit of 75650?
6
What is the millions digit of 7839674?
7
What is the ten thousands digit of 844117?
4
What is the ten millions digit of 13170811?
1
What is the units digit of 2259680?
0
What is the thousands digit of 12055323?
5
What is the ten thousands digit of 4493617?
9
What is the hundreds digit of 36851?
8
What is the millions digit of 2126776?
2
What is the thousands digit of 41783?
1
What is the ten thousands digit of 335433?
3
What is the ten thousands digit of 927130?
2
What is the ten thousands digit of 10599744?
9
What is the units digit of 181972?
2
What is the ten millions digit of 27461790?
2
What is the tens digit of 53805?
0
What is the ten thousands digit of 2638069?
3
What is the thousands digit of 3725103?
5
What is the ten thousands digit of 15078118?
7
What is the tens digit of 1502506?
0
What is the hundreds digit of 1175204?
2
What is the tens digit of 74186?
8
What is the ten thousands digit of 11290265?
9
What is the millions digit of 4343095?
4
What is the units digit of 4988379?
9
What is the ten thousands digit of 316207?
1
What is the hundred thousands digit of 2187516?
1
What is the thousands digit of 373760?
3
What is the hundreds digit of 92664?
6
What is the units digit of 478869?
9
What is the units digit of 534965?
5
What is the ten thousands digit of 24594?
2
What is the ten thousands digit of 151152?
5
What is the units digit of 30984?
4
What is the hundred thousands digit of 1729446?
7
What is the millions digit of 1937533?
1
What is the ten thousands digit of 10871797?
7
What is the tens digit of 4346875?
7
What is the tens digit of 894440?
4
What is the hundred thousands digit of 2232990?
2
What is the ten thousands digit of 16694591?
9
What is the ten thousands digit of 8244682?
4
What is the hundreds digit of 97600?
6
What is the units digit of 180380?
0
What is the ten thousands digit of 133667?
3
What is the hundreds digit of 242556?
5
What is the hundred thousands digit of 17978965?
9
What is the units digit of 2115720?
0
What is the ten thousands digit of 813368?
1
What is the units digit of 613275?
5
What is the ten thousands digit of 2270591?
7
What is the thousands digit of 9473844?
3
What is the units digit of 463902?
2
What is the thousands digit of 100183?
0
What is the hundreds digit of 9543847?
8
What is the tens digit of 240186?
8
What is the thousands digit of 1461646?
1
What is the thousands digit of 236835?
6
What is the ten thousands digit of 712109?
1
What is the tens digit of 301356?
5
What is the millions digit of 3901999?
3
What is the millions digit of 1125338?
1
What is the thousands digit of 942898?
2
What is the ten thousands digit of 142865?
4
What is the hundreds digit of 588370?
3
What is the tens digit of 212503?
0
What is the thousands digit of 89320?
9
What is the t